38 + -18. List the prime factors of i.
2, 5
Let x = 131 - 83. What are the prime factors of x?
2, 3
Let y be (-2)/(-4)*(-17 + 21). Let a = 3 + y. List the prime factors of a.
5
Let n(m) = -3*m**2 - 1. Let l(d) = -7*d**2 + d - 3. Let b(v) = 2*l(v) - 5*n(v). What are the prime factors of b(-3)?
2
Let g = -20 - -20. Suppose g = -2*r - 1 - 5, 2*r = 3*v - 81. What are the prime factors of v?
5
Let f = 10 + 3. Suppose g - 2*h + 130 = 6*g, -3*h + 15 = 0. Let i = g - f. List the prime factors of i.
11
Let t be (-2)/2*(0 + 0). Suppose -3*x + t*x + 12 = 0. Let s = 6 - x. What are the prime factors of s?
2
Let s = 16 + -8. Let v = s - 7. List the prime factors of (-2)/v - 5*-4.
2, 3
Suppose 10 = 3*w - 2*w. Let a be (-652)/44 - ((-40)/44)/(-5). List the prime factors of ((-18)/a)/(1/w).
2, 3
Let n(t) = t + 10. Let z = 5 - 8. Let i be 1/(-3) - z/9. What are the prime factors of n(i)?
2, 5
Suppose -4*b + 10 = -22. Suppose 4*x = 21 + 139. Suppose -40 = -5*p + 4*i, b = -4*p - 3*i + x. List the prime factors of p.
2
Let n be 3/((-9)/2)*6. List the prime factors of 2/n - (-50)/4.
2, 3
Let g(o) be the second derivative of -o**3/6 + 3*o**2/2 - 5*o. What are the prime factors of g(1)?
2
Suppose 2*u = -2*o + 90, -u + 3*o = u - 85. What are the prime factors of u?
2, 11
Let p(r) = r**2 + 3*r - 4. What are the prime factors of p(-5)?
2, 3
Suppose -v + 3*v - 14 = 0. Let r = v + -7. Suppose r = 4*m, -4*a + 3*m + 20 = 4*m. What are the prime factors of a?
5
Let o = 31 + -18. What are the prime factors of o?
13
Let p be 33/(-12) - (-2)/(-8). Let a(y) be the third derivative of -y**5/60 - 5*y**4/24 + y**3/3 + y**2. List the prime factors of a(p).
2
Let k(p) = p**3 - 3*p**2 - 5*p - 5. Let s(c) = -c**3 - 4*c**2 + 4*c. Let m be s(-5). List the prime factors of k(m).
2, 5
Let m = -3 + 5. Suppose -5 = -5*s - p, 3*p - m*p = 5. Suppose s = 3*k - 2*k - r, 15 = 3*k + 2*r. List the prime factors of k.
3
Suppose -3*j + 32 + 1 = 0. Let t(o) = -o**3 + 11*o**2 + 4*o - 4. What are the prime factors of t(j)?
2, 5
Let g(b) = b**3 - 9*b**2 + 9*b + 3. What are the prime factors of g(8)?
11
Suppose 5*r - 11 = 6*r. Let n = -8 - r. Suppose 12 = -u + n*u. List the prime factors of u.
2, 3
Let s(k) = 2*k**2 + 10*k - 3. Let y(x) = 3*x**2 + 15*x - 5. Let t(o) = 8*s(o) - 5*y(o). What are the prime factors of t(-6)?
7
Let w(k) = -20*k - 2. List the prime factors of w(-2).
2, 19
Suppose 255 = 5*m - 195. Let t = m - 50. List the prime factors of t.
2, 5
Let d = -1 + 2. List the prime factors of (0 - -3)/(d/9).
3
Suppose 9*s - 37 = 8*s. List the prime factors of s.
37
Suppose -4*l = -2*w - 552, 3*w = -l + w + 138. List the prime factors of l.
2, 3, 23
Let t be -2*2 - (16 + -20). Suppose 2*s + 5*v = 51, 5*s - v - 2*v - 205 = t. What are the prime factors of s?
2, 19
Let c be 6/21 + 24/14. Let g = -11 - -12. Suppose 5*i - 6*i - c*f = -10, i = f + g. What are the prime factors of i?
2
Suppose 7*o - 2568 = -5*o. What are the prime factors of o?
2, 107
Let r = 10 - 7. Suppose -i = s, r*i = 3*s - 4*s. Suppose s = 2*o + 2*o + 3*m - 44, 2*m + 36 = 2*o. List the prime factors of o.
2, 7
Suppose 5*p = 3*w - 9, -p = 3*w - 0*w - 9. Let f(y) = -y**2 + y + 21. What are the prime factors of f(p)?
3, 7
What are the prime factors of ((-403)/65)/((-1)/5)?
31
Let c(t) = -t + 1. Let u be c(-4). Suppose 3*d = 2*d - u*k - 2, -k = 3*d - 8. Suppose d = f, 2*s + f = -2*s + 27. List the prime factors of s.
2, 3
Let g(f) = -f**3 - 4*f**2 + 6*f - 2. Let k be g(-6). Suppose -8*j = -3*j - 185. Suppose m - k = -3*m + 2*h, 2*m - 5*h - j = 0. List the prime factors of m.
2, 3
Let u(k) = 3*k - 14. List the prime factors of u(10).
2
Let x(t) = 22*t. Let v be x(1). Suppose -7 - v = -k + 2*a, 2*a = 4*k - 110. List the prime factors of k.
3
Suppose 0 = -3*a - 4*p + 83, 4*a - p - 4*p = 121. List the prime factors of a.
29
Suppose 3*o = -4*z - o + 312, z - o = 86. List the prime factors of z.
2, 41
Suppose 51 = 2*d + 5*y, 0*y - 162 = -5*d - y. List the prime factors of d.
3, 11
Let o(j) = 7*j - 2. List the prime factors of o(6).
2, 5
Let r(g) = g**2 + 3*g + 1. Let n be r(-6). Suppose 7 = 2*o - n. What are the prime factors of o?
13
Suppose 0 = m - n - 26, -49 = -4*m - 2*n + 85. Let p = m + -17. What are the prime factors of p?
2, 7
Let g = -465 - -800. List the prime factors of g.
5, 67
Suppose -2*t + 129 = t. List the prime factors of t.
43
Let b = -3 + -118. Let l = -86 - b. What are the prime factors of l?
5, 7
Let f = -13 + 7. Let z = f + 43. Suppose -4*y + 7 = -z. List the prime factors of y.
11
Let o be -2*1 + 3 + 64. Suppose 0 = h + 4*s - 22, -5*h - 2*s + 0*s = -38. Suppose 0 = -h*c + c + o. What are the prime factors of c?
13
Let b(y) = 92*y**2 + 2*y + 2. List the prime factors of b(-1).
2, 23
Let o be (-2)/(-4) - (-10)/4. Let i be (o/2)/((-5)/(-20)). Let l = 14 - i. What are the prime factors of l?
2
Let d(k) = 14*k**2 + 1. Let o be d(-1). Suppose -3*m - 4*r + o = -12, -2*m - r + 18 = 0. What are the prime factors of m?
3
Let u(f) = -58*f + 3. List the prime factors of u(-1).
61
Suppose q - p = 59, 4*q = p - 3*p + 212. What are the prime factors of q?
5, 11
Suppose -4*v - 10 = -0*v + 2*o, 0 = -4*o - 4. Let f = v - -2. List the prime factors of -2 + 3 - (f - 3).
2
Let h be (-2)/(2 + (2 - 2)). Let u = h - -6. What are the prime factors of u?
5
Let i = 62 + -35. Suppose 0*h = 5*h - 25. Suppose -h*c = i - 72. What are the prime factors of c?
3
Let a = 22 - 16. Let p = a + 1. List the prime factors of p.
7
Let z be (34/(-6) + 2)*3. Let w = z - 4. List the prime factors of (12/(-10))/(6/w).
3
Let h(t) = -t**3 - 3*t**2 - 2*t - 3. Suppose 5*q - 5*y = -8 - 17, -5*q - 5*y + 15 = 0. Let x = q + -2. What are the prime factors of h(x)?
3
Let r = 82 - 40. Suppose 30 = 4*z - w - w, -w - r = -5*z. Let l = 5 + z. List the prime factors of l.
2, 7
Let w(f) = f + 2. Let a be w(-3). Let k = a - -6. What are the prime factors of k?
5
Let y be 3/(-1 + (-21)/(-12)). Suppose -10 - 2 = -y*k. Suppose -34 = -5*v - 3*x, 4*v = -2*x + 29 - k. What are the prime factors of v?
5
Suppose 0 = -4*d + 4*s + 108, 0 = -2*d + 5*d + 2*s - 56. List the prime factors of d.
2, 11
Let c be 53/(-3) - (-6)/(-18). Let z be (38/6)/(6/c). Let y = -8 - z. List the prime factors of y.
11
Suppose 7*h = 3*h + 48. Suppose 0*a = -5*x - a - 9, -h = 3*a. Let o(m) = -3*m**3 + m**2 + m + 1. What are the prime factors of o(x)?
2
Let j(g) = -4*g + 4. Let v be j(-4). Let u = v - 13. What are the prime factors of u?
7
Suppose 5*t + 16 = -j - 12, -5*t = 3*j + 34. Let d(z) = -4*z + 4. What are the prime factors of d(j)?
2
Let d = -257 + 415. List the prime factors of d.
2, 79
Suppose p + 2*p + 3 = 0. Let i = 1 - p. What are the prime factors of i?
2
Suppose -4*m = -214 - 142. What are the prime factors of m?
89
Let d = 4 + -6. Let v be ((-1)/1 - -1)/d. Let n(g) = g**2 + g + 7. What are the prime factors of n(v)?
7
Let w(u) be the first derivative of -3*u**2/2 - 3*u + 3. List the prime factors of w(-6).
3, 5
Suppose 5*j - 388 + 133 = 0. List the prime factors of j.
3, 17
Let y be 1 + (1 - -2 - 4). Suppose y = g + g + 6. Let l(m) = -3*m - 2. What are the prime factors of l(g)?
7
Let g = -15 + 15. Suppose 4*q - 70 - 10 = g. What are the prime factors of q?
2, 5
Suppose 3*r + 34 = -65. Let s = -20 - r. List the prime factors of s.
13
Let l be 1*-1*(-6 - 2). Suppose -8 = -4*i, -4 - l = -4*r + 2*i. What are the prime factors of r?
2
Let v = -31 - -52. List the prime factors of v.
3, 7
Let p(v) = v - 2. Let x be p(4). Suppose -1 = 3*j - x*t + 9, -j + 5 = t. Let m = j - -4. List the prime factors of m.
2
Let l(v) = -v**2 - 8*v - 7. Let u be l(-5). Suppose 2 = 5*f - u. List the prime factors of f.
2
Let a(r) = 6*r**3 - r**2. Let y be a(1). Suppose -m - 3 = t - y, -4*m - 34 = -3*t. Suppose n - 23 = 2*u + t, -u = 4. What are the prime factors of n?
3, 7
Let l(y) = y**3 + 0*y - 4*y**2 - 2*y**2 + 7*y - 2*y**3 + 6. List the prime factors of l(-7).
2, 3
Suppose 43 + 47 = j. Suppose 4*c - j + 2 = 0. List the prime factors of c.
2, 11
Let i(p) = 3*p**2 + 25*p - 3. What are the prime factors of i(-9)?
3, 5
Let a be (-3)/15 + (-2)/(-10). Suppose -w + 4 + 11 = a. List the prime factors of w.
3, 5
Let t(u) = 6*u**3 - 4*u**2 + 3*u - 3. What are the prime factors of t(3)?
2, 3, 11
Suppose -46 = 17*i - 18*i. List t